{"id":1660,"date":"2021-02-17T21:16:08","date_gmt":"2021-02-18T00:16:08","guid":{"rendered":"https:\/\/isfd78-bue.infd.edu.ar\/sitio\/?page_id=1660"},"modified":"2026-03-11T20:46:01","modified_gmt":"2026-03-11T23:46:01","slug":"tecnicatura-superior-en-diseno-industrial","status":"publish","type":"page","link":"https:\/\/isfd78-bue.infd.edu.ar\/sitio\/tecnicatura-superior-en-diseno-industrial\/","title":{"rendered":"Profesorado de Educaci\u00f3n Secundaria en Biolog\u00eda"},"content":{"rendered":"<p><a href=\"https:\/\/drive.google.com\/file\/d\/1I87hn6cqunOTJOac1BfM-kSyFQLRsnSD\/view?usp=sharing\">RESOLUCI\u00d3N 3605\/22<\/a><\/p>\n\n\n<figure class=\"wp-block-image size-full\"><img decoding=\"async\" loading=\"lazy\" width=\"299\" height=\"168\" src=\"https:\/\/isfd78-bue.infd.edu.ar\/sitio\/wp-content\/uploads\/2026\/03\/biologia.jpg\" alt=\"\" class=\"wp-image-2851\"\/><\/figure>\n\n\n<p>\u00a0<\/p>\n<p><span style=\"color: #0000ff;\"><strong>PERFIL DEL EGRESADO<\/strong><\/span><\/p>\n<p>Las egresadas y los egresados del Profesorado de Educaci\u00f3n Secundaria en Biolog\u00eda de la provincia de Buenos Aires se re-<br \/>conocer\u00e1n como agentes p\u00fablicos, intelectuales y trabajadoras y trabajadores de las culturas y la educaci\u00f3n. Asumir\u00e1n el compromiso con el derecho a la educaci\u00f3n y, por lo tanto, propiciar\u00e1n el acceso al conocimiento m\u00e1s justo e igualitario de las y los estudiantes de la escuela secundaria.<br \/>Reconocer\u00e1n a la ense\u00f1anza como una actividad comprometida con las finalidades educativas del nivel. En este sentido, asumir\u00e1n el compromiso con la ense\u00f1anza en la diversidad de instituciones en las que se desempe\u00f1en y con las pol\u00edticas educativas jurisdiccionales.<br \/>Transitar\u00e1n experiencias formativas que les permitan construir el conocimiento disciplinar desde la problematizaci\u00f3n de los obje-<br \/>tos de ense\u00f1anza, la actualizaci\u00f3n del propio campo y los temas\/problemas de investigaci\u00f3n que inciden en esa construcci\u00f3n, para elaborar y fundamentar propuestas de ense\u00f1anza situadas.<\/p>","protected":false},"excerpt":{"rendered":"<p>RESOLUCI\u00d3N 3605\/22 \u00a0 PERFIL DEL EGRESADO Las egresadas y los egresados del Profesorado de Educaci\u00f3n Secundaria en Biolog\u00eda de la provincia de Buenos Aires se re-conocer\u00e1n como agentes p\u00fablicos, intelectuales y trabajadoras y trabajadores de las culturas y la educaci\u00f3n. Asumir\u00e1n el compromiso con el derecho a la educaci\u00f3n y, por lo tanto, propiciar\u00e1n el &#8230; <a title=\"Profesorado de Educaci\u00f3n Secundaria en Biolog\u00eda\" class=\"read-more\" href=\"https:\/\/isfd78-bue.infd.edu.ar\/sitio\/tecnicatura-superior-en-diseno-industrial\/\" aria-label=\"More on Profesorado de Educaci\u00f3n Secundaria en Biolog\u00eda\">[+]<\/a><\/p>\n","protected":false},"author":386,"featured_media":0,"parent":0,"menu_order":0,"comment_status":"closed","ping_status":"closed","template":"","meta":[],"acf":[],"_links":{"self":[{"href":"https:\/\/isfd78-bue.infd.edu.ar\/sitio\/wp-json\/wp\/v2\/pages\/1660"}],"collection":[{"href":"https:\/\/isfd78-bue.infd.edu.ar\/sitio\/wp-json\/wp\/v2\/pages"}],"about":[{"href":"https:\/\/isfd78-bue.infd.edu.ar\/sitio\/wp-json\/wp\/v2\/types\/page"}],"author":[{"embeddable":true,"href":"https:\/\/isfd78-bue.infd.edu.ar\/sitio\/wp-json\/wp\/v2\/users\/386"}],"replies":[{"embeddable":true,"href":"https:\/\/isfd78-bue.infd.edu.ar\/sitio\/wp-json\/wp\/v2\/comments?post=1660"}],"version-history":[{"count":3,"href":"https:\/\/isfd78-bue.infd.edu.ar\/sitio\/wp-json\/wp\/v2\/pages\/1660\/revisions"}],"predecessor-version":[{"id":2854,"href":"https:\/\/isfd78-bue.infd.edu.ar\/sitio\/wp-json\/wp\/v2\/pages\/1660\/revisions\/2854"}],"wp:attachment":[{"href":"https:\/\/isfd78-bue.infd.edu.ar\/sitio\/wp-json\/wp\/v2\/media?parent=1660"}],"curies":[{"name":"wp","href":"https:\/\/api.w.org\/{rel}","templated":true}]}}