{"id":1882,"date":"2021-03-15T20:57:44","date_gmt":"2021-03-15T23:57:44","guid":{"rendered":"https:\/\/isfd78-bue.infd.edu.ar\/sitio\/?page_id=1882"},"modified":"2024-03-20T20:47:38","modified_gmt":"2024-03-20T23:47:38","slug":"solicitud-de-equivalencias","status":"publish","type":"page","link":"https:\/\/isfd78-bue.infd.edu.ar\/sitio\/solicitud-de-equivalencias\/","title":{"rendered":"Solicitud de equivalencias"},"content":{"rendered":"<h2>Procedimiento<\/h2>\n<p>&#8212;&#8212;&#8212;&#8212;&#8212;&#8212;&#8212;&#8212;&#8212;&#8212;&#8212;&#8211;<\/p>\n<h2><strong>EQUIVALENCIAS<\/strong><\/h2>\n<p><b>IMPORTANTE: LA SOLICITUD\u00a0 DE EQUIVALENCIA SE COMPLETA Y SE ENTREGA POR CADA A\u00d1O DE CARRERA, EN UNA\u00a0 <\/b><b>\u00daNICO LEGAJO COMPLETO DENTRO DE LA FECHA ESTIPULADA.<\/b><\/p>\n<p><span style=\"color: #ff0000;\"><strong>EL PER\u00cdODO DE PRESENTACI\u00d3N DEL LEGAJO COMPLETO VA DEL 03\/04\/2024 AL 19\/04\/2024 SIN EXCEPCI\u00d3N.<\/strong><\/span><\/p>\n<p><strong>Fundamentaci\u00f3n<\/strong><\/p>\n<p>En raz\u00f3n de que la normativa vigente establece la posibilidad de que los alumnos que cursan carreras de formaci\u00f3n docente y\/o t\u00e9cnica en los institutos superiores soliciten equivalencias de materias aprobadas en otras instituciones de Educaci\u00f3n Superior universitarias y\/o terciarias con las asignaturas y\/o perspectivas establecidas por los dise\u00f1os curriculares, es imprescindible establecer un procedimiento que unifique el tr\u00e1mite t\u00e9cnico administrativo necesario para el otorgamiento de las equivalencias.<\/p>\n<h4>Objetivos<\/h4>\n<p>Aprobaci\u00f3n (parcial o total) o denegaci\u00f3n de equivalencias solicitadas por los alumnos regulares de las carreras de formaci\u00f3n docente y\/o t\u00e9cnica.<\/p>\n<h5>Normativa aplicable<\/h5>\n<p>Reglamento de Institutos Superiores. Resoluci\u00f3n N\u00ba 1.434\/04. Normativa que complemente o la reemplace.<\/p>\n<h4><\/h4>\n<h4>Desarrollo del procedimiento<\/h4>\n<h5>ALUMNO\/A<\/h5>\n<p>El alumno\/a que solicita equivalencias deber\u00e1 presentar la documentaci\u00f3n en el periodo desde el\u00a0 \u00a0 03\/04\/24 al 19\/04 \/24\u00a0 \u00a0 sin excepciones:<\/p>\n<p>Documentaci\u00f3n a presentar y para <span style=\"color: #ff0000;\">descargar<\/span>:<\/p>\n<ul>\n<li>El resumen de solicitud de equivalencia <span style=\"color: #ff0000;\"><a style=\"color: #ff0000;\" href=\"https:\/\/isfdyt43-bue.infd.edu.ar\/sitio\/equivalencias-2020\/upload\/A14.pdf\" target=\"_blank\" rel=\"noopener\"><img decoding=\"async\" loading=\"lazy\" class=\"alignnone size-full wp-image-1883\" src=\"https:\/\/isfd78-bue.infd.edu.ar\/sitio\/wp-content\/uploads\/2021\/03\/A14.jpg\" alt=\"\" width=\"40\" height=\"38\" \/><\/a> \u21d3<\/span> ,formulario que se encuentra en la p\u00e1gina del instituto.<\/li>\n<li>La solicitud de equivalencia por asignatura formulario\u00a0\u00a0<a href=\"https:\/\/isfdyt43-bue.infd.edu.ar\/sitio\/equivalencias-2020\/upload\/A14a.pdf\" target=\"_blank\" rel=\"noopener\"><img decoding=\"async\" loading=\"lazy\" class=\"alignnone size-full wp-image-1884\" src=\"https:\/\/isfd78-bue.infd.edu.ar\/sitio\/wp-content\/uploads\/2021\/03\/A14a.jpg\" alt=\"\" width=\"50\" height=\"40\" \/><\/a> <span style=\"color: #ff0000;\">\u21d3<\/span> \u00a0 que se encuentra en la p\u00e1gina del instituto;<\/li>\n<li>El certificado de materias aprobadas\u00a0 de Educaci\u00f3n Superior que corresponda;<a href=\"https:\/\/isfdyt43-bue.infd.edu.ar\/sitio\/equivalencias-2020\/upload\/A10.pdf\" target=\"_blank\" rel=\"noopener\"><img decoding=\"async\" loading=\"lazy\" class=\"alignnone size-full wp-image-1885\" src=\"https:\/\/isfd78-bue.infd.edu.ar\/sitio\/wp-content\/uploads\/2021\/03\/A10.jpg\" alt=\"\" width=\"46\" height=\"38\" \/><span style=\"color: #ff0000;\">\u21d3<\/span><\/a><\/li>\n<li>Fotocopias de los programas originales de las asignaturas que presenta para el otorgamiento de la \u00a0\u00a0equivalencia, debidamente certificados. Aclarando este punto el alumno pide\u00a0 el programa de la asignatura que rindi\u00f3\u00a0 en la Instituci\u00f3n\u00a0 , saca fotocopia y hace certificar las mismas hoja por hoja por el Director o Secretario de la Instituci\u00f3n.<\/li>\n<\/ul>\n<p>Con esta documentaci\u00f3n, el alumno\/a, la entregara a su correspondiente\u00a0 \u00a0Preceptor\/a, \u00a0\u00a0de acuerdo a la Carrera que est\u00e1 cursando, se conformar\u00e1 un legajo \u00fanico por alumno\/a y proceder\u00e1 a verificar que la documentaci\u00f3n presentada cumpla los requisitos solicitados por la Resoluci\u00f3n N\u00ba 1.434\/04 y se halle debidamente certificada por autoridad competente.<\/p>\n<h2>DOCENTE<\/h2>\n<p>El docente deber\u00e1 expedirse hasta el 03\/05\/2024 como fecha l\u00edmite, en relaci\u00f3n a la documentaci\u00f3n presentada por el alumno\/a, determinando si:<\/p>\n<ul>\n<li>Se otorga la equivalencia total de la asignatura.<\/li>\n<li>Se otorga equivalencia parcial de la asignatura. Por ello, el docente deber\u00e1 presentar un proyecto de compensaci\u00f3n a cumplimentar por el alumno\/a por la parte del proyecto curricular<\/li>\n<li>No se otorga.<\/li>\n<\/ul>\n","protected":false},"excerpt":{"rendered":"<p>Procedimiento &#8212;&#8212;&#8212;&#8212;&#8212;&#8212;&#8212;&#8212;&#8212;&#8212;&#8212;&#8211; EQUIVALENCIAS IMPORTANTE: LA SOLICITUD\u00a0 DE EQUIVALENCIA SE COMPLETA Y SE ENTREGA POR CADA A\u00d1O DE CARRERA, EN UNA\u00a0 \u00daNICO LEGAJO COMPLETO DENTRO DE LA FECHA ESTIPULADA. EL PER\u00cdODO DE PRESENTACI\u00d3N DEL LEGAJO COMPLETO VA DEL 03\/04\/2024 AL 19\/04\/2024 SIN EXCEPCI\u00d3N. Fundamentaci\u00f3n En raz\u00f3n de que la normativa vigente establece la posibilidad de que &#8230; <a title=\"Solicitud de equivalencias\" class=\"read-more\" href=\"https:\/\/isfd78-bue.infd.edu.ar\/sitio\/solicitud-de-equivalencias\/\" aria-label=\"More on Solicitud de equivalencias\">[+]<\/a><\/p>\n","protected":false},"author":386,"featured_media":0,"parent":0,"menu_order":0,"comment_status":"closed","ping_status":"closed","template":"","meta":[],"acf":[],"_links":{"self":[{"href":"https:\/\/isfd78-bue.infd.edu.ar\/sitio\/wp-json\/wp\/v2\/pages\/1882"}],"collection":[{"href":"https:\/\/isfd78-bue.infd.edu.ar\/sitio\/wp-json\/wp\/v2\/pages"}],"about":[{"href":"https:\/\/isfd78-bue.infd.edu.ar\/sitio\/wp-json\/wp\/v2\/types\/page"}],"author":[{"embeddable":true,"href":"https:\/\/isfd78-bue.infd.edu.ar\/sitio\/wp-json\/wp\/v2\/users\/386"}],"replies":[{"embeddable":true,"href":"https:\/\/isfd78-bue.infd.edu.ar\/sitio\/wp-json\/wp\/v2\/comments?post=1882"}],"version-history":[{"count":9,"href":"https:\/\/isfd78-bue.infd.edu.ar\/sitio\/wp-json\/wp\/v2\/pages\/1882\/revisions"}],"predecessor-version":[{"id":2362,"href":"https:\/\/isfd78-bue.infd.edu.ar\/sitio\/wp-json\/wp\/v2\/pages\/1882\/revisions\/2362"}],"wp:attachment":[{"href":"https:\/\/isfd78-bue.infd.edu.ar\/sitio\/wp-json\/wp\/v2\/media?parent=1882"}],"curies":[{"name":"wp","href":"https:\/\/api.w.org\/{rel}","templated":true}]}}