{"id":1909,"date":"2021-06-23T11:21:04","date_gmt":"2021-06-23T14:21:04","guid":{"rendered":"https:\/\/isfd78-bue.infd.edu.ar\/sitio\/?page_id=1909"},"modified":"2021-06-23T11:30:29","modified_gmt":"2021-06-23T14:30:29","slug":"c-i-p-e","status":"publish","type":"page","link":"https:\/\/isfd78-bue.infd.edu.ar\/sitio\/c-i-p-e\/","title":{"rendered":"Coordinaci\u00f3n Institucional de Pol\u00edticas Estudiantiles (CIPE)"},"content":{"rendered":"<h3><img decoding=\"async\" loading=\"lazy\" class=\"wp-image-1910 alignleft\" src=\"https:\/\/isfd78-bue.infd.edu.ar\/sitio\/wp-content\/uploads\/2021\/06\/CIPE-1-969x1000.jpg\" alt=\"\" width=\"363\" height=\"374\" srcset=\"https:\/\/isfd78-bue.infd.edu.ar\/sitio\/wp-content\/uploads\/2021\/06\/CIPE-1-969x1000.jpg 969w, https:\/\/isfd78-bue.infd.edu.ar\/sitio\/wp-content\/uploads\/2021\/06\/CIPE-1-768x793.jpg 768w, https:\/\/isfd78-bue.infd.edu.ar\/sitio\/wp-content\/uploads\/2021\/06\/CIPE-1-1840x1900.jpg 1840w\" sizes=\"(max-width: 363px) 100vw, 363px\" \/>El CIPE\u00a0 es un canal de comunicaci\u00f3n que registra y difunde todo\u00a0 aquello que sucede cotidianamente en los institutos e involucra a todos sus actores; Alumnos,\u00a0 Docentes, y\u00a0 Equipo de Gesti\u00f3n. Compone una figura clave que se inscribe en las din\u00e1micas institucionales como articulador y promotor de acciones que promueven la participaci\u00f3n y fortalecen las trayectorias estudiantiles.<\/h3>\n<p>&nbsp;<\/p>\n<h3>A partir del d\u00eda 22 de Junio de 2021 el cargo es desempe\u00f1ado por la docente Soledad Viotti.<\/h3>\n<h3><\/h3>\n<h3>Contacto:<\/h3>\n<h3>Correo: sviotti1@abc.gob.ar<\/h3>\n<h3><a href=\"https:\/\/isfd78-bue.infd.edu.ar\/aula\/index.cgi?id_curso=698\">Aula CIPE campus<\/a><\/h3>\n<p>&nbsp;<\/p>\n","protected":false},"excerpt":{"rendered":"<p>El CIPE\u00a0 es un canal de comunicaci\u00f3n que registra y difunde todo\u00a0 aquello que sucede cotidianamente en los institutos e involucra a todos sus actores; Alumnos,\u00a0 Docentes, y\u00a0 Equipo de Gesti\u00f3n. Compone una figura clave que se inscribe en las din\u00e1micas institucionales como articulador y promotor de acciones que promueven la participaci\u00f3n y fortalecen las &#8230; <a title=\"Coordinaci\u00f3n Institucional de Pol\u00edticas Estudiantiles (CIPE)\" class=\"read-more\" href=\"https:\/\/isfd78-bue.infd.edu.ar\/sitio\/c-i-p-e\/\" aria-label=\"More on Coordinaci\u00f3n Institucional de Pol\u00edticas Estudiantiles (CIPE)\">[+]<\/a><\/p>\n","protected":false},"author":1998,"featured_media":0,"parent":0,"menu_order":0,"comment_status":"closed","ping_status":"closed","template":"","meta":[],"acf":[],"_links":{"self":[{"href":"https:\/\/isfd78-bue.infd.edu.ar\/sitio\/wp-json\/wp\/v2\/pages\/1909"}],"collection":[{"href":"https:\/\/isfd78-bue.infd.edu.ar\/sitio\/wp-json\/wp\/v2\/pages"}],"about":[{"href":"https:\/\/isfd78-bue.infd.edu.ar\/sitio\/wp-json\/wp\/v2\/types\/page"}],"author":[{"embeddable":true,"href":"https:\/\/isfd78-bue.infd.edu.ar\/sitio\/wp-json\/wp\/v2\/users\/1998"}],"replies":[{"embeddable":true,"href":"https:\/\/isfd78-bue.infd.edu.ar\/sitio\/wp-json\/wp\/v2\/comments?post=1909"}],"version-history":[{"count":3,"href":"https:\/\/isfd78-bue.infd.edu.ar\/sitio\/wp-json\/wp\/v2\/pages\/1909\/revisions"}],"predecessor-version":[{"id":1915,"href":"https:\/\/isfd78-bue.infd.edu.ar\/sitio\/wp-json\/wp\/v2\/pages\/1909\/revisions\/1915"}],"wp:attachment":[{"href":"https:\/\/isfd78-bue.infd.edu.ar\/sitio\/wp-json\/wp\/v2\/media?parent=1909"}],"curies":[{"name":"wp","href":"https:\/\/api.w.org\/{rel}","templated":true}]}}