{"id":2274,"date":"2023-11-17T20:27:15","date_gmt":"2023-11-17T23:27:15","guid":{"rendered":"https:\/\/isfd78-bue.infd.edu.ar\/sitio\/?page_id=2274"},"modified":"2026-03-12T18:16:44","modified_gmt":"2026-03-12T21:16:44","slug":"profesorado-en-ciencia-politica","status":"publish","type":"page","link":"https:\/\/isfd78-bue.infd.edu.ar\/sitio\/profesorado-en-ciencia-politica\/","title":{"rendered":"Profesorado en Ciencia Pol\u00edtica"},"content":{"rendered":"\n<p class=\"has-text-align-center\"><a href=\"https:\/\/abc.gob.ar\/secretarias\/sites\/default\/files\/2023-04\/Dise%C3%B1o%20Curricular%20del%20Profesorado%20de%20Educaci%C3%B3n%20Secundaria%20en%20Ciencia%20Pol%C3%ADtica_0.pdf\">Res. N\u00ba 3604\/22<\/a><\/p>\n\n\n\n<p><\/p>\n\n\n\n<figure class=\"wp-block-image size-full\"><img decoding=\"async\" loading=\"lazy\" width=\"720\" height=\"400\" src=\"https:\/\/isfd78-bue.infd.edu.ar\/sitio\/wp-content\/uploads\/2026\/03\/SUPERIOR-ciencia-politica-720x400-1.png\" alt=\"\" class=\"wp-image-2860\"\/><\/figure>\n\n\n\n<h3 class=\"wp-block-heading\"><strong>Perfil del egresado<\/strong><br><\/h3>\n\n\n\n<pre class=\"wp-block-verse has-text-align-left has-medium-font-size\"><code>Las egresadas y los egresados del Profesorado de Educaci\u00f3n Secundaria en Ciencia Pol\u00edtica de la Provincia de Buenos Aires, se reconocer\u00e1n como agentes p\u00fablicos, intelectuales y trabajadoras y trabajadores de las culturas y la educaci\u00f3n. Asumir\u00e1n el compromiso con el derecho a la educaci\u00f3n y, por lo tanto, propiciar\u00e1n el acceso al conocimiento m\u00e1s justo e igualitario de las\/os estudiantes de la escuela secundaria. Reconocer\u00e1n a la ense\u00f1anza como una actividad comprometida con las finalidades <br>educativas del nivel. En este sentido, asumir\u00e1n el compromiso con la ense\u00f1anza en la diversidad de instituciones en las que se desempe\u00f1en y con las pol\u00edticas educativas jurisdiccionales. Transitar\u00e1n experiencias formativas que les permitir\u00e1n construir el conocimiento disciplinar desde la problematizaci\u00f3n de los objetos de ense\u00f1anza, la actualizaci\u00f3n del propio campo y los temas\/problemas de investigaci\u00f3n que inciden en esa construcci\u00f3n, para elaborar y fundamentar propuestas de ense\u00f1anza situadas.<\/code><\/pre>\n\n\n\n<p><code><\/code><\/p>\n\n\n\n<p><\/p>\n","protected":false},"excerpt":{"rendered":"<p>Res. N\u00ba 3604\/22 Perfil del egresado Las egresadas y los egresados del Profesorado de Educaci\u00f3n Secundaria en Ciencia Pol\u00edtica de la Provincia de Buenos Aires, se reconocer\u00e1n como agentes p\u00fablicos, intelectuales y trabajadoras y trabajadores de las culturas y la educaci\u00f3n. Asumir\u00e1n el compromiso con el derecho a la educaci\u00f3n y, por lo tanto, propiciar\u00e1n &#8230; <a title=\"Profesorado en Ciencia Pol\u00edtica\" class=\"read-more\" href=\"https:\/\/isfd78-bue.infd.edu.ar\/sitio\/profesorado-en-ciencia-politica\/\" aria-label=\"More on Profesorado en Ciencia Pol\u00edtica\">[+]<\/a><\/p>\n","protected":false},"author":364,"featured_media":0,"parent":0,"menu_order":0,"comment_status":"closed","ping_status":"closed","template":"","meta":[],"acf":[],"_links":{"self":[{"href":"https:\/\/isfd78-bue.infd.edu.ar\/sitio\/wp-json\/wp\/v2\/pages\/2274"}],"collection":[{"href":"https:\/\/isfd78-bue.infd.edu.ar\/sitio\/wp-json\/wp\/v2\/pages"}],"about":[{"href":"https:\/\/isfd78-bue.infd.edu.ar\/sitio\/wp-json\/wp\/v2\/types\/page"}],"author":[{"embeddable":true,"href":"https:\/\/isfd78-bue.infd.edu.ar\/sitio\/wp-json\/wp\/v2\/users\/364"}],"replies":[{"embeddable":true,"href":"https:\/\/isfd78-bue.infd.edu.ar\/sitio\/wp-json\/wp\/v2\/comments?post=2274"}],"version-history":[{"count":7,"href":"https:\/\/isfd78-bue.infd.edu.ar\/sitio\/wp-json\/wp\/v2\/pages\/2274\/revisions"}],"predecessor-version":[{"id":2861,"href":"https:\/\/isfd78-bue.infd.edu.ar\/sitio\/wp-json\/wp\/v2\/pages\/2274\/revisions\/2861"}],"wp:attachment":[{"href":"https:\/\/isfd78-bue.infd.edu.ar\/sitio\/wp-json\/wp\/v2\/media?parent=2274"}],"curies":[{"name":"wp","href":"https:\/\/api.w.org\/{rel}","templated":true}]}}