{"id":879,"date":"2018-07-02T17:46:54","date_gmt":"2018-07-02T20:46:54","guid":{"rendered":"https:\/\/isfd78-bue.infd.edu.ar\/sitio\/becas-bicentenario\/"},"modified":"2021-03-03T22:41:40","modified_gmt":"2021-03-04T01:41:40","slug":"becasprogresar","status":"publish","type":"page","link":"https:\/\/isfd78-bue.infd.edu.ar\/sitio\/becasprogresar\/","title":{"rendered":"Becas"},"content":{"rendered":"<h1 style=\"text-align: center;\">BECAS PROGRESAR<\/h1>\n<p>Se encuentra abierta la inscripci\u00f3n a las\u00a0<span class=\"il\">becas<\/span>\u00a0PROGRESAR \u00a0para el nivel superior \u00a0y los niveles obligatorios (finalizaci\u00f3n de la escolaridad obligatoria), en la siguiente p\u00e1gina:\u00a0<a href=\"https:\/\/www.argentina.gob.ar\/educacion\/progresar\" target=\"_blank\" rel=\"noopener\" data-saferedirecturl=\"https:\/\/www.google.com\/url?q=https:\/\/www.argentina.gob.ar\/educacion\/progresar&amp;source=gmail&amp;ust=1614908191002000&amp;usg=AFQjCNEukT37UltR_Kekv790dBAggW2dFg\">https:\/\/www.argentina.gob.ar\/<wbr \/>educacion\/progresar<\/a><\/p>\n<p>La inscripci\u00f3n comenz\u00f3 el 1 de marzo y se extender\u00e1 hasta el 30 de abril del 2021.<\/p>\n<p>&nbsp;<\/p>\n","protected":false},"excerpt":{"rendered":"<p>BECAS PROGRESAR Se encuentra abierta la inscripci\u00f3n a las\u00a0becas\u00a0PROGRESAR \u00a0para el nivel superior \u00a0y los niveles obligatorios (finalizaci\u00f3n de la escolaridad obligatoria), en la siguiente p\u00e1gina:\u00a0https:\/\/www.argentina.gob.ar\/educacion\/progresar La inscripci\u00f3n comenz\u00f3 el 1 de marzo y se extender\u00e1 hasta el 30 de abril del 2021. &nbsp;<\/p>\n","protected":false},"author":431,"featured_media":0,"parent":0,"menu_order":0,"comment_status":"closed","ping_status":"closed","template":"","meta":[],"acf":[],"_links":{"self":[{"href":"https:\/\/isfd78-bue.infd.edu.ar\/sitio\/wp-json\/wp\/v2\/pages\/879"}],"collection":[{"href":"https:\/\/isfd78-bue.infd.edu.ar\/sitio\/wp-json\/wp\/v2\/pages"}],"about":[{"href":"https:\/\/isfd78-bue.infd.edu.ar\/sitio\/wp-json\/wp\/v2\/types\/page"}],"author":[{"embeddable":true,"href":"https:\/\/isfd78-bue.infd.edu.ar\/sitio\/wp-json\/wp\/v2\/users\/431"}],"replies":[{"embeddable":true,"href":"https:\/\/isfd78-bue.infd.edu.ar\/sitio\/wp-json\/wp\/v2\/comments?post=879"}],"version-history":[{"count":9,"href":"https:\/\/isfd78-bue.infd.edu.ar\/sitio\/wp-json\/wp\/v2\/pages\/879\/revisions"}],"predecessor-version":[{"id":1839,"href":"https:\/\/isfd78-bue.infd.edu.ar\/sitio\/wp-json\/wp\/v2\/pages\/879\/revisions\/1839"}],"wp:attachment":[{"href":"https:\/\/isfd78-bue.infd.edu.ar\/sitio\/wp-json\/wp\/v2\/media?parent=879"}],"curies":[{"name":"wp","href":"https:\/\/api.w.org\/{rel}","templated":true}]}}